Let k be (-1)/(3150/(-392) - -8). Calculate the highest common factor of 3500 and k.
28
Let v = 2 - 33. Suppose -3*p + 3*n + 147 = 0, p + 5*n + 141 = 4*p. Let d = v + p. Calculate the highest common factor of d and 105.
21
Let a(p) = -2*p + 16. Let k(r) = -r**2 + 10. Let s be k(0). Let d be ((-28)/(-10) + -2)/(-1)*s. Let v be a(d). What is the highest common divisor of 8 and v?
8
Let w be -3 + (-3)/((-12)/56). Suppose w*v - 339 - 233 = 0. Suppose 3*c - 2*c + 130 = n, -3*n + 2*c = -390. What is the highest common divisor of v and n?
26
Suppose 3*n - b - 232 = 0, -4*n = -3*b - 83 - 233. Suppose -5*c + 34 + 621 = -5*z, 4*c - 536 = -2*z. Calculate the greatest common factor of n and c.
19
Suppose 0 = 4*p + 4, 0 = 2*y + 3*p - 7*p - 94. Calculate the highest common divisor of 215 and y.
5
Let k = -223 + 228. Suppose 4*p = 2*p - 5*d + 114, 0 = k*p + 3*d - 266. Calculate the greatest common divisor of 39 and p.
13
Suppose 3*l + 0*l - 2856 = -5*m, m = 0. Let h be (0 + 1)/(4/l). Suppose 5*n + 5*u + 58 = h, -n = 4*u - 36. Calculate the greatest common factor of 90 and n.
18
Let o = -98 - -87. Let m be (5 + o)/((-3)/52). Calculate the highest common divisor of 16 and m.
8
Let y be (-250)/(-1750) + 17023/7. What is the highest common divisor of y and 95?
19
Let i(s) = 2*s**2 + 6*s - 3. Let h be i(1). Suppose 2 = -k - m + 19, 4*k + h*m - 65 = 0. What is the greatest common divisor of 8 and k?
4
Suppose 3*d = -6*d + 108. Suppose v = 2*m - 4*m + d, 3*m - 18 = 3*v. Calculate the greatest common factor of m and 48.
6
Let l be (11090/8)/(170/3944). Calculate the greatest common factor of l and 29.
29
Suppose 1338*t - 7696 = 857*t. Suppose -4*f = -f + 4*d - 148, -f - 3*d + 51 = 0. Calculate the greatest common factor of f and t.
16
Let c = -388 - -2343. Suppose 11*a - c = 1587. What is the greatest common divisor of 14 and a?
14
Let i(g) = 42*g**2 - 31*g - 27. Let o be i(-14). What is the highest common factor of 163 and o?
163
Suppose -5*m - 3711 - 18465 = -29*m. Calculate the greatest common divisor of m and 1144.
44
Suppose 8*k - 130 - 14 = 0. Let a be (1 + 4 - k)/(-1). Calculate the highest common factor of 221 and a.
13
Let x = -174 + 178. Let h be 3 + (372/(-10))/(x/(-20)). What is the highest common factor of h and 42?
21
Let v be 6 + -4 - (-1158)/2. Suppose 11*u - v = 10*u. Suppose u = -11*x + 1725. What is the highest common divisor of 13 and x?
13
Let l = -7 - -73. Let k = l - 37. Calculate the highest common divisor of k and 116.
29
Let k be -4 + -7 + 10/(-20)*-1474. Calculate the highest common factor of 108 and k.
6
Suppose 149*k + 18068 - 21285 = 30308. What is the greatest common divisor of 4545 and k?
45
Let v(k) = -k**3 - 10*k**2 - 14*k - 73. Let w be v(-10). What is the highest common factor of 3 and w?
1
Let t = 39 + -7. Suppose -4*h + 10*h - 2478 = 3*w, 0 = 5*w - 30. Calculate the highest common divisor of t and h.
32
Suppose 4*w = 0, 0*w - 1824 = -4*l - 2*w. Let b = -142707 + 142779. What is the greatest common divisor of l and b?
24
Let x = 458 + -117. Let k = -54612 + 54623. Calculate the highest common factor of k and x.
11
Suppose 2*x = f - 5*f - 16, 0 = -2*f + 5*x + 16. Let j be 9 - 11/((-11)/f). What is the greatest common divisor of 56 and j?
7
Let u be (10 + -5)/((-4)/(-12)). Let f be -3 - (-65)/u - (-224)/12. Calculate the greatest common factor of f and 80.
20
Suppose -49493 = -91*g - 7451. What is the highest common factor of g and 286?
22
Let v be (3 - 1) + (-57)/38 - (-5607)/6. What is the highest common divisor of v and 340?
85
Let r = 16544 + -16489. Calculate the highest common factor of 745 and r.
5
Let x(v) = 557*v - 5729. Let o be x(22). What is the highest common divisor of o and 1350?
225
Suppose y - m - 563 = 0, 0 = 50*y - 55*y + m + 2807. Calculate the greatest common factor of y and 6.
3
Suppose 20 = 114*q - 402 - 1744. Calculate the highest common divisor of 12426 and q.
19
Suppose 84 - 278 = -18*w + 94. Calculate the greatest common divisor of 104 and w.
8
Suppose -4*f = 5*z - 1129, -3*z + 382 = 3*f - 296. What is the highest common divisor of 3150 and z?
225
Let j be ((42/(-4))/((-360)/96))/((-14)/(-70)). What is the greatest common divisor of 553 and j?
7
Suppose -m - 26 = -7*f - 120, -27 = 3*f. Suppose -2 = -5*y + 18. Suppose -v + t - 3*t = -256, -5*v + 1256 = y*t. What is the highest common factor of v and m?
31
Let n be -20624*((-782)/1173)/(4*2/6). What is the highest common factor of n and 8?
8
Let u(f) = -75*f + 833. Let g be u(11). Calculate the highest common divisor of 1212 and g.
4
Let z = -125 - -188. Suppose -v - 2*l + 301 = 0, 8*v + 2*l - 365 = 2141. Calculate the highest common divisor of v and z.
63
Suppose -6*m - 1985 = -3*x - 2*m, 2*x - 4*m = 1318. Let p be 570/24 + 45/(-60). Calculate the highest common divisor of x and p.
23
Let p = -28 + 58. Let q = -330 + 109. Let u = 236 + q. Calculate the greatest common factor of p and u.
15
Let w = 5892 - 5252. Calculate the greatest common factor of 130 and w.
10
Suppose -d + 5*n + 33 = 0, -153*d + 156*d - 153 = -3*n. Let s = 74 + -10. What is the highest common factor of s and d?
16
Let w = 1136 + -813. What is the highest common divisor of w and 19?
19
Let l be (-2 + 220)/(2/(-20)*-2). Calculate the greatest common factor of l and 15.
5
Let q be 3 + -4*2/2 + -3423. Let v be (-10)/15 + q/(-6). Suppose 123 = 7*b - v. Calculate the highest common divisor of b and 11.
11
Let v(n) = 105*n + 14637. Let s be v(-136). Calculate the greatest common factor of 1139 and s.
17
Let k(l) = 4*l**2 + 28*l + 128. Let m be k(-4). Suppose 6*j - 8*j = -180. What is the highest common divisor of m and j?
10
Let q be ((-6)/(-5))/((-1)/(-5)). Let m(s) = -s**2 + 123*s + 15960. Let k be m(202). What is the highest common divisor of k and q?
2
Suppose 683 + 1310 = 74*h - 1041. What is the highest common factor of 32677 and h?
41
Suppose 241*c - 9533 = 1576 - 2674. What is the greatest common factor of 3535 and c?
35
Suppose 51 = 5*k + 2*p, -5*p - 21 = 3*k - 63. What is the greatest common factor of 22347 and k?
9
Let x = 20682 - 19422. What is the greatest common divisor of 3654 and x?
126
Suppose -2*u + 7 = 1. Let f be (0 - 33)*(-4)/u. Let m = 64 - f. What is the highest common divisor of 8 and m?
4
Let c be ((-4)/6 - 0)/(20/(-60)). Suppose -j - c*s = -598, j - 2*s - 424 - 158 = 0. Calculate the greatest common divisor of j and 10.
10
Suppose 41*z - 43*z + 6 = 0. Suppose 0*c + 1 = -5*w - 4*c, -w - 9 = z*c. Calculate the greatest common divisor of 24 and w.
3
Let p(a) = 2*a**2 - 18*a + 12. Let j be p(12). Let k = -436 + 460. What is the highest common factor of j and k?
12
Let t be 168/(-12) - -4279 - ((-2 - -2) + -3). What is the highest common divisor of t and 44?
44
Let t = -758 - -254. Let x = -497 - t. Calculate the greatest common factor of x and 28.
7
Let o(d) = d**3 - 21*d**2 - 121*d - 19. Let j be o(26). Calculate the greatest common divisor of 301 and j.
43
Suppose 26867*r = 26871*r - 28. Calculate the greatest common divisor of r and 8001.
7
Suppose 3*c - 24 = -5*l, -3*l + 0*c = 4*c - 10. Suppose 378 = -l*w + 15*w. What is the greatest common divisor of w and 54?
6
Let s = 24 + -4. Suppose 42*m = 43*m + s. Let v = 23 + m. What is the greatest common divisor of 21 and v?
3
Let c(a) = -14 + 44*a - 25*a - 16*a - a**2. Let i be c(0). Let w be ((-6)/7)/(i/49). What is the highest common factor of w and 54?
3
Suppose 0 = 123*c - 176324 - 259342. What is the highest common divisor of c and 154?
154
Let s(j) = -9*j - 8. Suppose -10 + 30 = -5*r. Let m(v) = -v + 2. Let l(w) = r*m(w) - s(w). Let t be l(4). What is the greatest common divisor of t and 13?
13
Let l(c) = 78*c**2 - 3 + 9*c + 1 + 8*c + 4. Let a be l(2). Calculate the highest common divisor of a and 12.
12
Let w = -4568 - -4579. What is the highest common divisor of w and 3355?
11
Let l(r) = 3*r**2 - 8*r + 5. Let i be l(8). Let v(k) = -37*k + 858. Let p be v(23). Calculate the greatest common factor of p and i.
7
Let a = -472 - -764. What is the greatest common factor of a and 24?
4
Suppose -4*t + 5*x + 188836 = 0, -1545*t = -1540*t + 3*x - 236082. Calculate the highest common factor of t and 9.
9
Let q = 20274 + -16690. Calculate the highest common divisor of q and 168.
56
Suppose 4*r + 5*q = r + 79, 0 = -5*r - q 